{"id":95,"date":"2024-01-07T10:59:36","date_gmt":"2024-01-07T10:59:36","guid":{"rendered":"http:\/\/honghanaconsulate.ro\/?page_id=95"},"modified":"2026-02-04T10:41:01","modified_gmt":"2026-02-04T10:41:01","slug":"faqs","status":"publish","type":"page","link":"http:\/\/honghanaconsulate.ro\/?page_id=95","title":{"rendered":"FAQs"},"content":{"rendered":"\t\t<div data-elementor-type=\"wp-page\" data-elementor-id=\"95\" class=\"elementor elementor-95\">\n\t\t\t\t\t\t\t<div class=\"elementor-element elementor-element-3e787d8 e-flex e-con-boxed e-con e-parent\" data-id=\"3e787d8\" data-element_type=\"container\" data-settings=\"{&quot;content_width&quot;:&quot;boxed&quot;}\" data-core-v316-plus=\"true\">\n\t\t\t\t\t<div class=\"e-con-inner\">\n\t\t\t\t<div class=\"elementor-element elementor-element-bb1546f elementor-widget__width-initial elementor-widget elementor-widget-heading\" data-id=\"bb1546f\" data-element_type=\"widget\" data-widget_type=\"heading.default\">\n\t\t\t\t<div class=\"elementor-widget-container\">\n\t\t\t<style>\/*! elementor - v3.18.0 - 20-12-2023 *\/\n.elementor-heading-title{padding:0;margin:0;line-height:1}.elementor-widget-heading .elementor-heading-title[class*=elementor-size-]>a{color:inherit;font-size:inherit;line-height:inherit}.elementor-widget-heading .elementor-heading-title.elementor-size-small{font-size:15px}.elementor-widget-heading .elementor-heading-title.elementor-size-medium{font-size:19px}.elementor-widget-heading .elementor-heading-title.elementor-size-large{font-size:29px}.elementor-widget-heading .elementor-heading-title.elementor-size-xl{font-size:39px}.elementor-widget-heading .elementor-heading-title.elementor-size-xxl{font-size:59px}<\/style><h2 class=\"elementor-heading-title elementor-size-default\">\u00ceNTREB\u0102RI \u0218I R\u0102SPUNSURI<\/h2>\t\t<\/div>\n\t\t\t\t<\/div>\n\t\t\t\t\t<\/div>\n\t\t\t\t<\/div>\n\t\t<div class=\"elementor-element elementor-element-8ee5ba9 e-con-full e-flex e-con e-parent\" data-id=\"8ee5ba9\" data-element_type=\"container\" data-settings=\"{&quot;content_width&quot;:&quot;full&quot;,&quot;background_background&quot;:&quot;classic&quot;}\" data-core-v316-plus=\"true\">\n\t\t\t\t<div class=\"elementor-element elementor-element-a1e92ab elementor-widget elementor-widget-text-editor\" data-id=\"a1e92ab\" data-element_type=\"widget\" data-widget_type=\"text-editor.default\">\n\t\t\t\t<div class=\"elementor-widget-container\">\n\t\t\t<style>\/*! elementor - v3.18.0 - 20-12-2023 *\/\n.elementor-widget-text-editor.elementor-drop-cap-view-stacked .elementor-drop-cap{background-color:#69727d;color:#fff}.elementor-widget-text-editor.elementor-drop-cap-view-framed .elementor-drop-cap{color:#69727d;border:3px solid;background-color:transparent}.elementor-widget-text-editor:not(.elementor-drop-cap-view-default) .elementor-drop-cap{margin-top:8px}.elementor-widget-text-editor:not(.elementor-drop-cap-view-default) .elementor-drop-cap-letter{width:1em;height:1em}.elementor-widget-text-editor .elementor-drop-cap{float:left;text-align:center;line-height:1;font-size:50px}.elementor-widget-text-editor .elementor-drop-cap-letter{display:inline-block}<\/style>\t\t\t\t<p class=\"MsoNormal\"><b>1. <a><span style=\"color: windowtext;\">Am nevoie de viz\u0103?<\/span><\/a><o:p><\/o:p><\/b><\/p><p class=\"MsoNormal\">Da, ve\u021bi avea nevoie de viz\u0103\npentru a c\u0103l\u0103tori \u00een Ghana, cu excep\u021bia cazului \u00een care sunte\u021bi cet\u0103\u021bean al\nuneia dintre \u021b\u0103rile enumerate \u00een sec\u021biunea \u201e\u021a\u0103ri exceptate\u201d. Consulta\u021bi pagina\ncu informa\u021bii despre cererea de viz\u0103 pentru mai multe informa\u021bii, pe prague.mfa.gov.gh<\/p><p class=\"MsoNormal\"><b>2. <a><span style=\"color: windowtext;\">Cum pot ob\u021bine o viz\u0103 la sosire?<\/span><\/a><o:p><\/o:p><\/b><\/p><p class=\"MsoNormal\">Vizele de urgen\u021b\u0103 pot fi eliberate\nla sosirea \u00een Ghana c\u0103l\u0103torilor care sosesc din \u021b\u0103ri \u00een care nu exist\u0103\nreprezentan\u021be diplomatice sau consulare ghaneze. Astfel de cereri trebuie\nautorizate \u00een prealabil de c\u0103tre Serviciul de Imigrare din Ghana prin\nintermediul unui sponsor \u00eenainte de sosirea \u00een Ghana.<\/p><p class=\"MsoNormal\"><b>3. Cum pot aplica pentru viz\u0103?<o:p><\/o:p><\/b><\/p><p class=\"MsoNormal\">\u00cen conformitate cu directiva\nMinisterului Afacerilor Externe al Republicii Ghana, Ambasada Republicii Ghana\n\u00een Praga, Republica Ceh\u0103 dore\u0219te s\u0103 v\u0103 informeze cu privire la \u00eencetarea\nemiterii vizelor sub form\u0103 de autocolant, \u00een favoarea sistemului de vize\nelectronice (e-visa). M\u0103sura intr\u0103 \u00een vigoare la data de 13 Februarie 2026.<\/p><p class=\"MsoNormal\">\u00cen acest sens, \u00eencep\u00e2nd cu 13\nFebruarie 2026, solicitan\u021bii din Rom\u00e2nia vor trebui s\u0103 transmit\u0103 cererile de\nviz\u0103 direct c\u0103tre Ambasada Republicii Ghana din Praga, Republica Ceh\u0103, pentru\nprocesare.<\/p><p class=\"MsoNormal\">Informa\u021bii privind cererile de\ne-visa sunt disponibile pe site-ul Ambasadei Republicii Ghana \u00een Praga,\nRepublica Ceh\u0103: prague.mfa.gov.gh<\/p><p class=\"MsoNormal\">Pentru informa\u021bii suplimentare,\nAmbasada Republicii Ghana \u00een Praga, Republica Ceh\u0103 poate fi contactat\u0103 la: +420\n233 377 236<\/p><p class=\"MsoNormal\"><b>4. <a><span style=\"color: windowtext;\">Pentru ce tip de viz\u0103 ar trebui s\u0103 aplic?<\/span><\/a><\/b><\/p><p class=\"MsoNormal\">Aceasta depinde de scopul\nc\u0103l\u0103toriei. Exemplu:<\/p><ul style=\"margin-top:0cm\" type=\"disc\">\n <li class=\"MsoNormal\"><b>Viz\u0103 turistic\u0103:<\/b>&nbsp;pentru vacan\u021b\u0103 sau\n     vizite ocazionale.<\/li>\n <li class=\"MsoNormal\"><b>Viz\u0103 de student:<\/b>&nbsp;\u00een scopuri\n     educa\u021bionale.<\/li>\n <li class=\"MsoNormal\"><b>Viz\u0103 de munc\u0103:<\/b>&nbsp;dac\u0103 sunte\u021bi angajat sau\n     contractat de o companie.<\/li>\n<\/ul><p class=\"MsoNormal\">Utiliza\u021bi&nbsp;lista categoriilor de vize&nbsp;de\nla&nbsp;<i>Pasul 1<\/i>&nbsp;al formularului de cerere pentru \u00eendrumare sau\ncontacta\u021bi echipa de asisten\u021b\u0103 prin chat-ul live \u00een timpul programului de lucru\nal Misiunii, pe prague.mfa.gov.gh<\/p><p class=\"MsoNormal\"><b>5. <a><span style=\"color: windowtext;\">Cine este eligibil pentru o viz\u0103 gratuit\u0103 (gratuit\u0103)?<\/span><\/a><o:p><\/o:p><\/b><\/p><p class=\"MsoNormal\">Vizele gratuite sunt disponibile\nnumai titularilor de pa\u0219apoarte diplomatice, pa\u0219apoarte oficiale\/de serviciu \u0219i\ncet\u0103\u021benilor \u021b\u0103rilor cu acorduri de reciprocitate.<\/p><p class=\"MsoNormal\">Consulta\u021bi pagina cu informa\u021bii\ndespre cererea de viz\u0103 pentru detalii privind eligibilitatea specific\u0103 fiec\u0103rei\n\u021b\u0103ri, pe prague.mfa.gov.gh<\/p><p class=\"MsoNormal\"><b>6. <a><span style=\"color: windowtext;\">Nu sunt cet\u0103\u021bean \u00een \u021bara mea de re\u0219edin\u021b\u0103, de ce\ndocumente suplimentare voi mai avea nevoie?<\/span><\/a><o:p><\/o:p><\/b><\/p><p class=\"MsoNormal\">Pentru cet\u0103\u021benii str\u0103ini trebuie\n\u00eenc\u0103rcat un permis de \u0219edere sau de munc\u0103 pentru \u021bara de re\u0219edin\u021b\u0103.<\/p><p class=\"MsoNormal\"><b>7.<\/b> <b><a><span style=\"color: windowtext;\">Pa\u0219aportul\nmeu va expira \u00een cur\u00e2nd. Mai pot depune o cerere?<\/span><\/a><\/b><\/p><p class=\"MsoNormal\">Majoritatea vizelor necesit\u0103 o\nvalabilitate a pa\u0219aportului de cel pu\u021bin \u0219ase (6) luni de la data preconizat\u0103 a\nc\u0103l\u0103toriei. Re\u00eennoi\u021bi-v\u0103 pa\u0219aportul \u00eenainte de a aplica dac\u0103 aceast\u0103 condi\u021bie\nnu este \u00eendeplinit\u0103.<\/p><p class=\"MsoNormal\"><b>8. Ce servicii ofer\u0103 Consulatul Onorific al Republicii Ghana \u00een\nRom\u00e2nia?<o:p><\/o:p><\/b><\/p><p class=\"MsoNormal\">Consulatul Onorific al Ghanei \u00een\nRom\u00e2nia ofer\u0103 asisten\u021b\u0103 cet\u0103\u021benilor ghanezi afla\u021bi \u00een Rom\u00e2nia, promovarea\nrela\u021biilor comerciale \u0219i culturale \u00eentre Ghana \u0219i Rom\u00e2nia, precum \u0219i alte\nservicii consulare.<\/p><p class=\"MsoNormal\"><b>9. Cum pot raporta un pa\u0219aport\nghanez pierdut sau furat?<o:p><\/o:p><\/b><\/p><p class=\"MsoNormal\">Dac\u0103 pa\u0219aportul dumneavoastr\u0103 ghanez a fost pierdut sau furat, trebuie s\u0103\nraporta\u021bi imediat incidentul la sec\u021bia local\u0103 de poli\u021bie. Apoi, contacta\u021bi\nconsulatul pentru asisten\u021b\u0103 \u00een vederea ob\u021binerii unui nou pa\u0219aport.<o:p><\/o:p><\/p><p class=\"MsoNormal\"><b>10. Ce vaccinuri sunt obligatorii pentru a c\u0103l\u0103torii \u00een Ghana?<o:p><\/o:p><\/b><\/p><p class=\"MsoNormal\">Vaccinul \u00eempotriva febrei galbene\neste obligatoriu pentru to\u021bi c\u0103l\u0103torii care intr\u0103 \u00een Ghana. Este necesar s\u0103\nprezenta\u021bi un certificat interna\u021bional de vaccinare care s\u0103 ateste c\u0103 a\u021bi fost\nvaccinat \u00eempotriva febrei galbene.<o:p><\/o:p><\/p><p class=\"MsoNormal\"><b>11. Ce alte vaccinuri sunt recomandate pentru c\u0103l\u0103toria \u00een Ghana?<o:p><\/o:p><\/b><\/p><p class=\"MsoNormal\">Pe l\u00e2ng\u0103 vaccinul \u00eempotriva\nfebrei galbene, se recomand\u0103 \u0219i vaccinarea \u00eempotriva hepatitei A \u0219i B, a febrei\ntifoide, a meningitei, a poliomielitei, a tetanosului, a difteriei \u0219i a rabiei,\n\u00een func\u021bie de durata \u0219i loca\u021bia \u0219ederii dumneavoastr\u0103 \u00een Ghana.<o:p><\/o:p><\/p><p class=\"MsoNormal\"><b>12. C\u00e2nd ar trebui s\u0103 m\u0103 vaccinez \u00eenainte de a c\u0103l\u0103torii \u00een Ghana?<o:p><\/o:p><\/b><\/p><p>\n\n\n\n\n\n\n\n\n\n\n\n\n\n\n\n\n\n\n\n\n\n\n\n\n\n\n\n\n\n\n\n\n\n\n\n\n\n\n\n\n\n\n\n\n\n\n\n\n\n\n\n\n\n\n\n\n\n<\/p><p class=\"MsoNormal\">Este recomandat s\u0103 v\u0103 vaccina\u021bi\ncu cel pu\u021bin 4 \u2013 6 s\u0103pt\u0103m\u00e2ni \u00eenainte de c\u0103l\u0103toria planificat\u0103 \u00een Ghana. Acest\ninterval de timp asigur\u0103 c\u0103 vaccinurile devin pe deplin eficiente \u0219i ofer\u0103\nprotec\u021bie adecvat\u0103 \u00een timpul c\u0103l\u0103toriei.<o:p><\/o:p><\/p>\t\t\t\t\t\t<\/div>\n\t\t\t\t<\/div>\n\t\t\t\t<\/div>\n\t\t<div class=\"elementor-element elementor-element-2926e5f e-flex e-con-boxed e-con e-parent\" data-id=\"2926e5f\" data-element_type=\"container\" data-settings=\"{&quot;content_width&quot;:&quot;boxed&quot;}\" data-core-v316-plus=\"true\">\n\t\t\t\t\t<div class=\"e-con-inner\">\n\t\t\t\t\t<\/div>\n\t\t\t\t<\/div>\n\t\t<div class=\"elementor-element elementor-element-dc70920 e-flex e-con-boxed e-con e-parent\" data-id=\"dc70920\" data-element_type=\"container\" data-settings=\"{&quot;content_width&quot;:&quot;boxed&quot;}\" data-core-v316-plus=\"true\">\n\t\t\t\t\t<div class=\"e-con-inner\">\n\t\t\t\t<div class=\"elementor-element elementor-element-586422e elementor-widget elementor-widget-text-editor\" data-id=\"586422e\" data-element_type=\"widget\" data-widget_type=\"text-editor.default\">\n\t\t\t\t<div class=\"elementor-widget-container\">\n\t\t\t\t\t\t\t\t\t\t\t\t\t<\/div>\n\t\t\t\t<\/div>\n\t\t\t\t\t<\/div>\n\t\t\t\t<\/div>\n\t\t\t\t\t\t\t<\/div>\n\t\t","protected":false},"excerpt":{"rendered":"<p>\u00ceNTREB\u0102RI \u0218I R\u0102SPUNSURI 1. Am nevoie de viz\u0103? Da, ve\u021bi avea nevoie de viz\u0103 pentru a c\u0103l\u0103tori \u00een Ghana, cu excep\u021bia cazului \u00een care sunte\u021bi cet\u0103\u021bean al uneia dintre \u021b\u0103rile enumerate \u00een sec\u021biunea \u201e\u021a\u0103ri exceptate\u201d. Consulta\u021bi pagina cu informa\u021bii despre cererea de viz\u0103 pentru mai multe informa\u021bii, pe prague.mfa.gov.gh 2. Cum pot ob\u021bine o viz\u0103&hellip; <br \/> <a class=\"read-more\" href=\"http:\/\/honghanaconsulate.ro\/?page_id=95\">Read more<\/a><\/p>\n","protected":false},"author":1,"featured_media":0,"parent":0,"menu_order":0,"comment_status":"closed","ping_status":"closed","template":"","meta":{"saved_in_kubio":false,"footnotes":""},"class_list":["post-95","page","type-page","status-publish","hentry"],"kubio_ai_page_context":{"short_desc":"","purpose":"general"},"_links":{"self":[{"href":"http:\/\/honghanaconsulate.ro\/index.php?rest_route=\/wp\/v2\/pages\/95","targetHints":{"allow":["GET"]}}],"collection":[{"href":"http:\/\/honghanaconsulate.ro\/index.php?rest_route=\/wp\/v2\/pages"}],"about":[{"href":"http:\/\/honghanaconsulate.ro\/index.php?rest_route=\/wp\/v2\/types\/page"}],"author":[{"embeddable":true,"href":"http:\/\/honghanaconsulate.ro\/index.php?rest_route=\/wp\/v2\/users\/1"}],"replies":[{"embeddable":true,"href":"http:\/\/honghanaconsulate.ro\/index.php?rest_route=%2Fwp%2Fv2%2Fcomments&post=95"}],"version-history":[{"count":46,"href":"http:\/\/honghanaconsulate.ro\/index.php?rest_route=\/wp\/v2\/pages\/95\/revisions"}],"predecessor-version":[{"id":498,"href":"http:\/\/honghanaconsulate.ro\/index.php?rest_route=\/wp\/v2\/pages\/95\/revisions\/498"}],"wp:attachment":[{"href":"http:\/\/honghanaconsulate.ro\/index.php?rest_route=%2Fwp%2Fv2%2Fmedia&parent=95"}],"curies":[{"name":"wp","href":"https:\/\/api.w.org\/{rel}","templated":true}]}}